- 5*o, -o - 4 = 0. Calculate the remainder when n is divided by p.
8
Calculate the remainder when 43 is divided by 2 + -5 - -2 - -12.
10
Calculate the remainder when 228/5 - 28/(-70) is divided by -2 - (-1*19 - -1).
14
Let i(c) = c**2 + 5*c + 1. Let s be i(-5). Let u = 8 + s. Calculate the remainder when 34 is divided by u.
7
Let c = 7 - -36. Calculate the remainder when c is divided by 12.
7
Let y(m) = m**2 - 7*m + 4. Let z be (-2 + 0)*-1 + 2. Suppose -3*k - 16 = -i - k, -z*i - 2*k + 94 = 0. What is the remainder when i is divided by y(8)?
10
Suppose 0 = -0*t + 4*t - 152. Let n = -708 + 721. What is the remainder when t is divided by n?
12
Calculate the remainder when 2001/12 - -2 - 4/(-16) is divided by 43.
40
Suppose 0 = -5*a - 25, 2*s + 4*a - 100 = -2*s. Calculate the remainder when s is divided by 11.
8
Let k be 19/6 + (-6)/36. Suppose 0 = k*t + 2*t - 30. What is the remainder when 11 is divided by t?
5
Let w = 14 + -6. What is the remainder when 15 is divided by w?
7
Suppose -80 - 115 = -5*w. Calculate the remainder when w is divided by 10.
9
Calculate the remainder when 73 is divided by (-2 + (-64)/6)/(6/(-18)).
35
Suppose -3*w - 5*c = w - 18, -5*c = -10. Let i = -12 - -8. Calculate the remainder when (3/5)/(i/(-20)) is divided by w.
1
Suppose -4*t - 58 = -5*z, -6*t = -t - z + 62. Let u = 17 + t. What is the remainder when u is divided by -2*(-18)/(-60)*-5?
2
Let b(c) = -c**3 + 7*c**2 + c - 5. Let n be b(7). Let r(d) = 2*d - 9. Let a be r(6). Suppose -a*j + n*j = -11. What is the remainder when 42 is divided by j?
9
Let h(d) be the second derivative of -7*d**3/6 - 5*d**2/2 - 3*d. Let c = 0 + -4. Calculate the remainder when 67 is divided by h(c).
21
Let k(z) = -7*z - 36. What is the remainder when 77 is divided by k(-8)?
17
Suppose -3*y + 56 = -y. Suppose -y = -4*k + 32. Calculate the remainder when (2 - (-1 - -4)) + 43 is divided by k.
12
Let i be (8*-1)/((-5)/10). Let m = -1 - -1. Suppose -i = -4*n, -g + 4*n = -m*n + 9. What is the remainder when 13 is divided by g?
6
What is the remainder when 2/6 + (-136)/(-6) is divided by -2 - (165/(-44))/(6/16)?
7
Let w = 0 - -9. Suppose 0 = -x + 3*b, 5*b - 43 + 3 = -x. Let o = 31 - x. What is the remainder when o is divided by w?
7
Let c(j) = -j**3 - 11*j**2 - 10*j + 13. Let g = 0 - 1. Let p be 10/g + (2 - 2). What is the remainder when 36 is divided by c(p)?
10
Let r be (9/2)/((-1)/(-2)). Suppose r + 19 = 2*t. What is the remainder when t is divided by 5?
4
Let o be (-1 + 1)*1/(-2). Suppose o = -4*p - 0*p + 124. Calculate the remainder when p is divided by 10*16*(-3)/(-30).
15
Suppose 2*m = -3 + 9. What is the remainder when 14 is divided by m?
2
What is the remainder when 585/7 - (1 - (-20)/(-14)) is divided by 43?
41
Suppose 18 = -4*x + 6*x. Let p(n) = 66*n**3 - n + 1. Let d be p(1). Suppose 4*u = 34 + d. Calculate the remainder when u is divided by x.
7
Let h = -20 + 39. Suppose -9*d + 4*d = -55. What is the remainder when h is divided by d?
8
Let s(z) = -z**2 - 18*z - 18. What is the remainder when s(-12) is divided by 14?
12
Suppose 0*k + 3 = k. Let l(j) = j**3 - 4*j**2 + 3*j + 3. Calculate the remainder when l(k) is divided by 2.
1
Suppose 7*b - 9*b = -106. Suppose 2*u - b = 21. Let j(t) = 12*t**2 - t. Calculate the remainder when u is divided by j(-1).
11
Suppose -13*q + 17*q + g = 70, 26 = 2*q + 5*g. What is the remainder when 24 is divided by q?
6
Let r(m) be the second derivative of m**3/6 - 2*m**2 + 4*m. Calculate the remainder when r(7) is divided by 2.
1
Let c = 32 + 1. What is the remainder when 230 is divided by c?
32
Suppose 3*z - 68 = 4*f + 15, 88 = 3*z + f. Calculate the remainder when z is divided by 3.
2
Suppose k = -d + 6*k + 42, 256 = 5*d - 2*k. What is the remainder when d is divided by (-86)/(-8) - (-1)/4?
8
Suppose -4*w - 16 = 0, -4*p - w + 5 = -3. Suppose -b - p*b = -296. Suppose -2*a + 0*a - 4 = 0, 3*a = -3*f + 69. Calculate the remainder when b is divided by f.
24
Suppose -y - j + 15 = 0, 6*j + 42 = 4*y + j. Calculate the remainder when 22 is divided by y.
9
Suppose j = -0*j. Suppose -12 + j = -2*r. What is the remainder when 16 is divided by r?
4
Suppose m - 4*m - 110 = -5*b, -66 = -3*b - m. Let p = -18 + 21. Suppose -38 = -5*k + 4*a, p*a - 2 = -8. What is the remainder when b is divided by k?
4
Let u = -2 + 6. Suppose 5*x - 50 = 4*k, u*k = -2*x + 5 + 43. What is the remainder when x is divided by 5?
4
Let w = 874 - 534. Suppose -5*j + 10*l - 5*l = -w, -l = j - 64. What is the remainder when j is divided by (-1)/(-3)*(-102)/(-2)?
15
Let u = 12 + -7. Suppose 24 = u*o - 3*o + 4*f, 0 = -2*o + 3*f - 4. What is the remainder when 6 is divided by o?
2
Suppose 2*w + w = 21. What is the remainder when 2 - -2 - (4 - 26) is divided by w?
5
Suppose -2*v = h - 3, -v = 2*h - 2 - 1. Let k(b) = -3*b + v + b - 4. Calculate the remainder when k(-4) is divided by 3.
2
Calculate the remainder when 144 is divided by 1*(33 - 3 - 1).
28
Suppose -b - 28 = b. Calculate the remainder when 67 is divided by (b/(-21))/(2/69).
21
What is the remainder when 73 is divided by -5 + 0 + 2 + 22?
16
Let w(l) = -l**2 + 7*l - 5. Let f = 2 + 3. What is the remainder when w(f) is divided by 3?
2
Let n(x) = -x**2 + 7*x - 7. Let l(f) = 3*f**2 - 2*f + 1. Let g be l(1). Calculate the remainder when n(5) is divided by 1/(g*(-1)/(-4)).
1
Let a(w) = -w**3 - 9*w**2 - 9*w + 5. Let u(v) = v + 37. Calculate the remainder when u(0) is divided by a(-8).
11
Suppose 3*y = 3*x + 4*y - 49, 3*x - 39 = -3*y. Let w = x - 14. Calculate the remainder when (4/(-5))/((-4)/30) is divided by w.
2
Suppose 4*b + 17 = z - 5, -3*b - 11 = 2*z. Suppose -z*l = -47 + 11. Calculate the remainder when l is divided by 7.
4
Let s = 95 - 41. What is the remainder when s is divided by 11?
10
Let t(y) = 11*y**3 + 1. Let o be t(1). Let x = 26 - o. Calculate the remainder when 27 is divided by x.
13
Suppose -5*q - 93 = -5*b + 62, 4*b - 3*q = 125. Calculate the remainder when 62 is divided by b.
30
Let c = -54 + 60. Calculate the remainder when 27 is divided by c.
3
Let n(o) = -3*o**3 - o**2 + 1. Let g be n(1). What is the remainder when 1/g - 25/(-3) is divided by 5?
3
What is the remainder when 69 is divided by (-13)/(-3)*2/(2/9)?
30
Suppose 0 = -m + 2 + 2. Suppose t + c + 72 = m*t, 4*c = t - 35. What is the remainder when 43 is divided by t?
20
Suppose 4*n = -o + 21, 0*n - 3 = 2*n + 5*o. Suppose -75 = -n*m + m. Calculate the remainder when m is divided by 8.
7
Let p = 19 - -56. Suppose 4*v - 4*a = 68, 35 = 2*v - 3*a + 3. Calculate the remainder when p is divided by v.
18
Let a(c) = -c**3 + 6*c**2 + 7*c + 1. Let w be a(-5). Suppose w = 4*p + 3*t, -4*p - 5*t = -2*p - 131. What is the remainder when p is divided by 20?
18
Let m(s) = s**3 + 4*s**2 + s - 2. Let l be m(-2). Suppose -8 = l*v, 5*q - 3*v + 96 = 392. What is the remainder when q is divided by 15?
13
Let p = -9 - -15. Calculate the remainder when 13 is divided by p/14 - 50/(-14).
1
Suppose 0 = 5*y - 2*k - 65, -5*k - 37 = -4*y + 32. What is the remainder when 109 is divided by y?
10
Let r(t) = -t**2 + 1. Let z be r(-1). Suppose a - 2*l - 7 = z, a + a + 5*l = 23. What is the remainder when a is divided by 3?
0
Let y be ((-1)/(-2) - 0)*12. Suppose 2*u + 11 = 3*p + u, -2*p + 14 = -2*u. Let c = y - p. What is the remainder when c is divided by 3?
1
Calculate the remainder when 17 is divided by -1 + (2 - -6) + -1.
5
Suppose -2*v = -5*g + 68, 5*g + 0*g - 4*v = 66. Let a be 3/12 + 19/4. Let j(k) = 4*k + 6. What is the remainder when j(a) is divided by g?
12
Let a(s) = -s**3 - 4*s**2 + 2*s - 2. Calculate the remainder when a(-5) is divided by 4.
1
Calculate the remainder when 119 is divided by 1/3 - 142/(-6).
23
Suppose 5*f - 81 = 104. Calculate the remainder when f is divided by 14.
9
Let q(z) = 9*z**2 + 3*z + 5. Let a(u) = u**3 - 5*u**2 - 4*u. What is the remainder when q(-2) is divided by a(6)?
11
Let v(h) = 2*h + 28. Calculate the remainder when 129 is divided by v(-3).
19
Let q be (-16)/(-3) + (-3)/9. Suppose 2*o + 3*n = -0*n + 7, -2*n - 27 = -q*o. Let a(r) = 8*r**2 + r - 1. Calculate the remainder when a(1) is divided by o.
3
What is the remainder when 46 is divided by (-1584)/(-128) - 3/8?
10
Let m(l) = -l**2 - 9*l + 13. Let c be m(-10). Calculate the remainder when 19 is divided by c -